{"id":39,"date":"2023-01-04T16:07:17","date_gmt":"2023-01-04T16:07:17","guid":{"rendered":"https:\/\/generalair.ma\/?post_type=product&#038;p=39"},"modified":"2023-01-06T14:33:41","modified_gmt":"2023-01-06T14:33:41","slug":"prima-plus-ch-s09xn7-9000btu-h","status":"publish","type":"product","link":"https:\/\/generalair.ma\/?product=prima-plus-ch-s09xn7-9000btu-h","title":{"rendered":"COOPER&#038;HUNTER PRIMA PLUS CH-S09XN7 9000BTU\/H"},"content":{"rendered":"<p><strong><u>Caract\u00e9ristiques principales :<\/u><\/strong><\/p>\n<ul>\n<li>&#8220;CH SMART-ION Filter&#8221; &#8211; technologie de purification totale de l&#8217;air de nouvelle g\u00e9n\u00e9ration;<\/li>\n<li>Con\u00e7u pour les installations professionnelles;<\/li>\n<li>Protection de la maison contre le gel + 8\u00b0C;<\/li>\n<li>Autonettoyage de l&#8217;unit\u00e9 int\u00e9rieure. Apr\u00e8s avoir arr\u00eat\u00e9 le climatiseur, le ventilateur ne s&#8217;arr\u00eate pas et \u00e9limine l&#8217;humidit\u00e9 de l&#8217;\u00e9changeur de chaleur, ce qui \u00e9limine la formation de moisissures, de champignons et de bact\u00e9ries \u00e0 l&#8217;int\u00e9rieur de l&#8217;appareil ;<\/li>\n<li>Fonction sp\u00e9ciale de contr\u00f4le de la temp\u00e9rature \u00ab I FEEL \u00bb ;<\/li>\n<li>Niveau de bruit extra-faible 24 dB ;<\/li>\n<li>Classe d&#8217;efficacit\u00e9 \u00e9nerg\u00e9tique A;<\/li>\n<li>D\u00e9givrage intellectuel;<\/li>\n<li>Conception de bloc moderne innovante;<\/li>\n<li>Le panneau avec l&#8217;affichage LED pratique;<\/li>\n<li>Affichage de l&#8217;heure actuelle sur la t\u00e9l\u00e9commande ;<\/li>\n<li>1B de consommation en mode \u00ab Veille \u00bb ;<\/li>\n<li>Fr\u00e9on R410 \u00e0 haute efficacit\u00e9 sans danger pour l&#8217;ozone;<\/li>\n<li>Conception compacte de haute technologie. Largeur 698 mm ;<\/li>\n<li>Les stores grand angle cr\u00e9ent une couverture de tout le volume de la pi\u00e8ce dans le mode de distribution d&#8217;air automatique SWING. Neuf options diff\u00e9rentes pour la position verticale des stores, r\u00e9glables \u00e0 partir de la t\u00e9l\u00e9commande ;<\/li>\n<li>Autonettoyage et drainage de l&#8217;unit\u00e9 int\u00e9rieure. \u00c9limination automatique de l&#8217;humidit\u00e9 de l&#8217;\u00e9changeur de chaleur. Emp\u00eache la formation de moisissures, de champignons et de bact\u00e9ries \u00e0 l&#8217;int\u00e9rieur de l&#8217;unit\u00e9;<\/li>\n<li>Mode sommeil confortable SLEER;<\/li>\n<li>Contr\u00f4le intelligent en mode AUTO &#8211; changement automatique des modes de fonctionnement, en fonction des changements de temp\u00e9rature ambiante ;<\/li>\n<li>Minuterie d&#8217;activation et de d\u00e9sactivation de 24 heures ;<\/li>\n<li>Mode Turbo. Allumer \/ \u00e9teindre avec une pression sur le bouton de vitesse maximale du ventilateur pour un refroidissement ou un chauffage intensif de l&#8217;air de la pi\u00e8ce ;<\/li>\n<li>Retard de d\u00e9marrage du ventilateur, \u00e0 des fins d&#8217;exception de soufflage par air froid ;<\/li>\n<li>Fonction de r\u00e9duction d&#8217;humidit\u00e9 sans r\u00e9duction de temp\u00e9rature ;<\/li>\n<li>Rev\u00eatement anticorrosion du bo\u00eetier de l&#8217;unit\u00e9 ext\u00e9rieure ;<\/li>\n<li>Fonction maintien en temp\u00e9rature 8\u00b0C ;<\/li>\n<li>Rev\u00eatement bact\u00e9ricide de la t\u00e9l\u00e9commande ;<\/li>\n<li>\u00c9changeur de chaleur avec rev\u00eatement anti-corrosion GREEN-FIN;<\/li>\n<li>Fonction de red\u00e9marrage automatique avec m\u00e9morisation des r\u00e9glages ;<\/li>\n<li>Syst\u00e8me de protection contre le gel automatique ;<\/li>\n<li>Fonction de d\u00e9givrage marche\/arr\u00eat forc\u00e9 depuis la t\u00e9l\u00e9commande ;<\/li>\n<li>Syst\u00e8me de stabilisation de tension et d\u00e9marrage s\u00fbr \u00e0 basse tension ;<\/li>\n<li>Autodiagnostic des troubles des principales unit\u00e9s et modes ;<\/li>\n<li>Verrou de contr\u00f4le.<a style=\"font-family: -apple-system, BlinkMacSystemFont, 'Segoe UI', Roboto, Oxygen-Sans, Ubuntu, Cantarell, 'Helvetica Neue', sans-serif;\" href=\"https:\/\/cooperhunter.ma\/wa-data\/public\/site\/fiches\/PRIMA%20PLUS.pdf\" target=\"_blank\" rel=\"noopener\">Fiche technique<\/a><\/li>\n<\/ul>\n","protected":false},"excerpt":{"rendered":"<p>Caract\u00e9ristiques principales : &#8220;CH SMART-ION Filter&#8221; &#8211; technologie de purification totale de l&#8217;air de nouvelle g\u00e9n\u00e9ration; Con\u00e7u pour les installations professionnelles; Protection de la maison contre le gel + 8\u00b0C; Autonettoyage de l&#8217;unit\u00e9 int\u00e9rieure. Apr\u00e8s avoir arr\u00eat\u00e9 le climatiseur, le ventilateur ne s&#8217;arr\u00eate pas et \u00e9limine l&#8217;humidit\u00e9 de l&#8217;\u00e9changeur de chaleur, ce qui \u00e9limine la [&hellip;]<\/p>\n","protected":false},"featured_media":40,"comment_status":"open","ping_status":"closed","template":"","meta":[],"product_cat":[19],"product_tag":[],"class_list":{"0":"post-39","1":"product","2":"type-product","3":"status-publish","4":"has-post-thumbnail","6":"product_cat-mural","8":"first","9":"instock","10":"shipping-taxable","11":"purchasable","12":"product-type-simple"},"_links":{"self":[{"href":"https:\/\/generalair.ma\/index.php?rest_route=\/wp\/v2\/product\/39","targetHints":{"allow":["GET"]}}],"collection":[{"href":"https:\/\/generalair.ma\/index.php?rest_route=\/wp\/v2\/product"}],"about":[{"href":"https:\/\/generalair.ma\/index.php?rest_route=\/wp\/v2\/types\/product"}],"replies":[{"embeddable":true,"href":"https:\/\/generalair.ma\/index.php?rest_route=%2Fwp%2Fv2%2Fcomments&post=39"}],"wp:featuredmedia":[{"embeddable":true,"href":"https:\/\/generalair.ma\/index.php?rest_route=\/wp\/v2\/media\/40"}],"wp:attachment":[{"href":"https:\/\/generalair.ma\/index.php?rest_route=%2Fwp%2Fv2%2Fmedia&parent=39"}],"wp:term":[{"taxonomy":"product_cat","embeddable":true,"href":"https:\/\/generalair.ma\/index.php?rest_route=%2Fwp%2Fv2%2Fproduct_cat&post=39"},{"taxonomy":"product_tag","embeddable":true,"href":"https:\/\/generalair.ma\/index.php?rest_route=%2Fwp%2Fv2%2Fproduct_tag&post=39"}],"curies":[{"name":"wp","href":"https:\/\/api.w.org\/{rel}","templated":true}]}}